{"id":4400,"date":"2021-10-12T15:51:09","date_gmt":"2021-10-12T15:51:09","guid":{"rendered":"http:\/\/dummy.xtemos.com\/woodmart2\/elementor\/?page_id=4400"},"modified":"2024-10-06T01:15:57","modified_gmt":"2024-10-06T01:15:57","slug":"about-us-3","status":"publish","type":"page","link":"https:\/\/doutorrodrigoendocrinologista.com\/index.php\/about-us-3\/","title":{"rendered":"About us"},"content":{"rendered":"\t\t<div data-elementor-type=\"wp-page\" data-elementor-id=\"4400\" class=\"elementor elementor-4400\">\n\t\t\t\t\t\t<section class=\"elementor-section elementor-top-section elementor-element elementor-element-52ee36d elementor-section-boxed elementor-section-height-default elementor-section-height-default wd-section-disabled\" data-id=\"52ee36d\" data-element_type=\"section\">\n\t\t\t\t\t\t<div class=\"elementor-container elementor-column-gap-default\">\n\t\t\t\t\t<div class=\"elementor-column elementor-col-100 elementor-top-column elementor-element elementor-element-6a9942c2\" data-id=\"6a9942c2\" data-element_type=\"column\">\n\t\t\t<div class=\"elementor-widget-wrap elementor-element-populated\">\n\t\t\t\t\t\t<div class=\"elementor-element elementor-element-75d7772b elementor-widget elementor-widget-wd_title\" data-id=\"75d7772b\" data-element_type=\"widget\" data-widget_type=\"wd_title.default\">\n\t\t\t\t<div class=\"elementor-widget-container\">\n\t\t\t\t\t\t\t<div class=\"title-wrapper set-mb-s reset-last-child wd-title-color-primary wd-title-style-default wd-title-size-large text-center\">\n\n\t\t\t\n\t\t\t<div class=\"liner-continer\">\n\t\t\t\t<h4 class=\"woodmart-title-container title wd-fontsize-xxl\"><h2><span style=\"font-weight: 600;font-size: 24px\">Dr. Rodrigo Gomes Pereira<\/span><\/h2><\/h4> \n\t\t\t\t\t\t\t<\/div>\n\n\t\t\t\t\t\t\t<div class=\"title-after_title set-cont-mb-s reset-last-child wd-fontsize-s\">\n\t\t\t\t\t<p>\u00a0<\/p><p><span style=\"color: #6b5149;font-family: Inter, Arial, Helvetica, sans-serif;font-size: 15.4px;font-style: normal;font-weight: 400;text-align: left\">M\u00e9dico especialista consursado pela Socidade de Endocrinologia e Metabologia, RQE N\u00ba 8178<\/span><br \/><span style=\"color: #6b5149;font-family: Inter, Arial, Helvetica, sans-serif;font-size: 15.4px;font-style: normal;font-weight: 400;text-align: left\">Resid\u00eancia M\u00e9dica pela Universidade Federal do Tri\u00e2ngulo Mineiro.<\/span><br \/><span style=\"color: #6b5149;font-family: Inter, Arial, Helvetica, sans-serif;font-size: 15.4px;font-style: normal;font-weight: 400;text-align: left\">M\u00e9dico Endocrinologista e Metabologista, Endocrinologista pedi\u00e1trico, Diabetologista, Tireoidologista, Obesologista, Climateriologista, Andrologista, Dsfuncoes da libido e erecao, Ergogenista, Osteoporologista, Neuroendocrinologista, Terapeuta de neuropatias diab\u00e9ticas, Terapeuta de mudanca de g\u00eanero , Adrenologista. Experiencia de 24 anos de atua\u00e7\u00e3o na especialidade<\/span><\/p>\t\t\t\t<\/div>\n\t\t\t\t\t<\/div>\n\t\t\t\t\t\t<\/div>\n\t\t\t\t<\/div>\n\t\t\t\t\t<\/div>\n\t\t<\/div>\n\t\t\t\t\t<\/div>\n\t\t<\/section>\n\t\t<div class=\"elementor-element elementor-element-851ad7a e-flex e-con-boxed wd-section-disabled e-con e-parent\" data-id=\"851ad7a\" data-element_type=\"container\">\n\t\t\t\t\t<div class=\"e-con-inner\">\n\t\t<div class=\"elementor-element elementor-element-117036f e-con-full e-flex wd-section-disabled e-con e-child\" data-id=\"117036f\" data-element_type=\"container\">\n\t\t\t\t<div class=\"elementor-element elementor-element-7d638c0 elementor-widget elementor-widget-wd_image_or_svg\" data-id=\"7d638c0\" data-element_type=\"widget\" data-widget_type=\"wd_image_or_svg.default\">\n\t\t\t\t<div class=\"elementor-widget-container\">\n\t\t\t\t\t\n\t\t<div class=\"wd-image text-left\">\n\t\t\t\t\t\t\t\t<img decoding=\"async\" width=\"160\" height=\"97\" src=\"https:\/\/doutorrodrigoendocrinologista.com\/wp-content\/uploads\/2024\/10\/rodape1-removebg-preview-1.png\" class=\"attachment-full size-full wp-image-15793\" alt=\"\" srcset=\"https:\/\/doutorrodrigoendocrinologista.com\/wp-content\/uploads\/2024\/10\/rodape1-removebg-preview-1.png 160w, https:\/\/doutorrodrigoendocrinologista.com\/wp-content\/uploads\/2024\/10\/rodape1-removebg-preview-1-150x91.png 150w\" sizes=\"(max-width: 160px) 100vw, 160px\" \/>\t\t\t\t\t<\/div>\n\n\t\t\t\t\t\t<\/div>\n\t\t\t\t<\/div>\n\t\t\t\t<\/div>\n\t\t<div class=\"elementor-element elementor-element-2f17c57 e-con-full e-flex wd-section-disabled e-con e-child\" data-id=\"2f17c57\" data-element_type=\"container\">\n\t\t\t\t<div class=\"elementor-element elementor-element-87b9634 elementor-widget elementor-widget-wd_image_or_svg\" data-id=\"87b9634\" data-element_type=\"widget\" data-widget_type=\"wd_image_or_svg.default\">\n\t\t\t\t<div class=\"elementor-widget-container\">\n\t\t\t\t\t\n\t\t<div class=\"wd-image text-left\">\n\t\t\t\t\t\t\t\t<img decoding=\"async\" width=\"200\" height=\"104\" src=\"https:\/\/doutorrodrigoendocrinologista.com\/wp-content\/uploads\/2024\/10\/rodape4-removebg-preview-1.png\" class=\"attachment-full size-full wp-image-15796\" alt=\"\" srcset=\"https:\/\/doutorrodrigoendocrinologista.com\/wp-content\/uploads\/2024\/10\/rodape4-removebg-preview-1.png 200w, https:\/\/doutorrodrigoendocrinologista.com\/wp-content\/uploads\/2024\/10\/rodape4-removebg-preview-1-150x78.png 150w\" sizes=\"(max-width: 200px) 100vw, 200px\" \/>\t\t\t\t\t<\/div>\n\n\t\t\t\t\t\t<\/div>\n\t\t\t\t<\/div>\n\t\t\t\t<\/div>\n\t\t<div class=\"elementor-element elementor-element-96c14b5 e-con-full e-flex wd-section-disabled e-con e-child\" data-id=\"96c14b5\" data-element_type=\"container\">\n\t\t\t\t<div class=\"elementor-element elementor-element-e9a279e elementor-widget elementor-widget-wd_image_or_svg\" data-id=\"e9a279e\" data-element_type=\"widget\" data-widget_type=\"wd_image_or_svg.default\">\n\t\t\t\t<div class=\"elementor-widget-container\">\n\t\t\t\t\t\n\t\t<div class=\"wd-image text-left\">\n\t\t\t\t\t\t\t\t<img decoding=\"async\" width=\"200\" height=\"77\" src=\"https:\/\/doutorrodrigoendocrinologista.com\/wp-content\/uploads\/2024\/10\/rodape3-removebg-preview-1.png\" class=\"attachment-full size-full wp-image-15795\" alt=\"\" srcset=\"https:\/\/doutorrodrigoendocrinologista.com\/wp-content\/uploads\/2024\/10\/rodape3-removebg-preview-1.png 200w, https:\/\/doutorrodrigoendocrinologista.com\/wp-content\/uploads\/2024\/10\/rodape3-removebg-preview-1-150x58.png 150w\" sizes=\"(max-width: 200px) 100vw, 200px\" \/>\t\t\t\t\t<\/div>\n\n\t\t\t\t\t\t<\/div>\n\t\t\t\t<\/div>\n\t\t\t\t<\/div>\n\t\t<div class=\"elementor-element elementor-element-a8b4482 e-con-full e-flex wd-section-disabled e-con e-child\" data-id=\"a8b4482\" data-element_type=\"container\">\n\t\t\t\t<div class=\"elementor-element elementor-element-b1af6e8 elementor-widget elementor-widget-wd_image_or_svg\" data-id=\"b1af6e8\" data-element_type=\"widget\" data-widget_type=\"wd_image_or_svg.default\">\n\t\t\t\t<div class=\"elementor-widget-container\">\n\t\t\t\t\t\n\t\t<div class=\"wd-image text-left\">\n\t\t\t\t\t\t\t\t<img loading=\"lazy\" decoding=\"async\" width=\"307\" height=\"139\" src=\"https:\/\/doutorrodrigoendocrinologista.com\/wp-content\/uploads\/2024\/10\/rodape2-removebg-preview-1.png\" class=\"attachment-full size-full wp-image-15794\" alt=\"\" srcset=\"https:\/\/doutorrodrigoendocrinologista.com\/wp-content\/uploads\/2024\/10\/rodape2-removebg-preview-1.png 307w, https:\/\/doutorrodrigoendocrinologista.com\/wp-content\/uploads\/2024\/10\/rodape2-removebg-preview-1-150x68.png 150w\" sizes=\"(max-width: 307px) 100vw, 307px\" \/>\t\t\t\t\t<\/div>\n\n\t\t\t\t\t\t<\/div>\n\t\t\t\t<\/div>\n\t\t\t\t<\/div>\n\t\t\t\t\t<\/div>\n\t\t\t\t<\/div>\n\t\t\t\t<\/div>\n\t\t","protected":false},"excerpt":{"rendered":"<p>Dr. Rodrigo Gomes Pereira \u00a0 M\u00e9dico especialista consursado pela Socidade de Endocrinologia e Metabologia, RQE N\u00ba 8178Resid\u00eancia M\u00e9dica pela Universidade<\/p>\n","protected":false},"author":1,"featured_media":0,"parent":0,"menu_order":0,"comment_status":"closed","ping_status":"closed","template":"","meta":{"footnotes":""},"class_list":["post-4400","page","type-page","status-publish","hentry"],"_links":{"self":[{"href":"https:\/\/doutorrodrigoendocrinologista.com\/index.php\/wp-json\/wp\/v2\/pages\/4400","targetHints":{"allow":["GET"]}}],"collection":[{"href":"https:\/\/doutorrodrigoendocrinologista.com\/index.php\/wp-json\/wp\/v2\/pages"}],"about":[{"href":"https:\/\/doutorrodrigoendocrinologista.com\/index.php\/wp-json\/wp\/v2\/types\/page"}],"author":[{"embeddable":true,"href":"https:\/\/doutorrodrigoendocrinologista.com\/index.php\/wp-json\/wp\/v2\/users\/1"}],"replies":[{"embeddable":true,"href":"https:\/\/doutorrodrigoendocrinologista.com\/index.php\/wp-json\/wp\/v2\/comments?post=4400"}],"version-history":[{"count":0,"href":"https:\/\/doutorrodrigoendocrinologista.com\/index.php\/wp-json\/wp\/v2\/pages\/4400\/revisions"}],"wp:attachment":[{"href":"https:\/\/doutorrodrigoendocrinologista.com\/index.php\/wp-json\/wp\/v2\/media?parent=4400"}],"curies":[{"name":"wp","href":"https:\/\/api.w.org\/{rel}","templated":true}]}}